he remainder when i(-12) is divided by 8.
7
Let k be 30/(-8 - -13) + -1*1. Suppose 0 = k*x + 2*m - 99, 0 = -4*x - 3*m + 56 + 26. What is the remainder when 39 is divided by x?
1
Let i = 1468 + -175. Calculate the remainder when i is divided by 140/6*(-60)/(-40).
33
Suppose 0*l - 7*l + 28 = 0. Suppose -s + n = 3*s - 17, -l*s + 4*n = -8. Let x = -5 + 6. Calculate the remainder when s is divided by x.
0
Let t be 12/((-8)/12*9/(-597)). Suppose -334 + t = 20*a. What is the remainder when 164 is divided by a?
35
Calculate the remainder when ((-580)/(-14))/(72/1008) is divided by 208.
164
Suppose -94*g - 174 = -100*g. Calculate the remainder when 273 is divided by g.
12
Let g(f) = 19*f**2 - 13*f + 21. Let r(x) = 14*x + 2. Calculate the remainder when r(15) is divided by g(2).
70
Suppose 26 = 4*h - 2. Suppose -h + 481 = 6*w. What is the remainder when w is divided by 21?
16
Suppose 5*q + 7*r - 3*r - 619 = 0, 2*r = 2. Suppose -q*m + 300 = -119*m. What is the remainder when m is divided by 26?
23
Suppose -29*p + 34*p = -20. Let z = 6 + 7. Calculate the remainder when (-3)/((24/70)/p) is divided by z.
9
What is the remainder when 5/((-75)/(-4460)) - 117/27 is divided by 44?
29
Let s(n) = -n**3 + 12*n**2 + 19*n + 14. Let k = 53 + -39. Let z be s(k). Let g = z + 150. What is the remainder when 225 is divided by g?
35
Let p = -3710 + 3815. What is the remainder when p is divided by 1/(-5) + 543/15?
33
Let j be (2/7)/((-10)/(-35)). Let m be 0/(1*(j - 3)). Suppose 4*o = 2*i + 106, m = o - 4*o + 3*i + 78. Calculate the remainder when o is divided by 8.
3
Suppose -3*m + 5 = 2*m, -4*s - 2*m + 22 = 0. Suppose -9*z = s*w - 7*z - 7, -4*w = -z - 16. What is the remainder when (-27)/2*8/(-6) is divided by w?
0
Let j(o) = 21*o. Let a = -38866 + 38928. Calculate the remainder when a is divided by j(1).
20
Suppose -5*n + 1555 = 5*u, 1219 = 45*n - 41*n - u. Calculate the remainder when n is divided by 24.
18
Let u be 5 + -6 + 1*-1. Suppose 161 - 791 = -42*k. Calculate the remainder when 2 + 36*1 + u is divided by k.
6
Let o be -125*((-12)/(-15))/(-2). Let n = 126 + o. Calculate the remainder when n/3*81/36 is divided by 27.
24
Suppose 18*k + 0*k = 0. Suppose 5*c - 21 - 89 = k. Suppose -4*b + 106 = -c. Calculate the remainder when 58 is divided by b.
26
Let b = -325 + 330. Suppose 0 = b*a - y - 261, 6*a - 4*a = y + 102. What is the remainder when a is divided by 14?
11
Suppose 0 = -2*b - 2*n + 14 + 532, 0 = -3*b + 2*n + 799. Suppose -5*x + a + 339 = 0, -15*x + 11*x + b = -3*a. Calculate the remainder when x is divided by 10.
8
Suppose -1150 = -5*m + f, 0 = -4*f - f + 25. Calculate the remainder when m is divided by 76.
3
Let k(r) = 3*r**2 + 17*r + 13. Suppose -7*c - 994 + 2415 = 0. What is the remainder when c is divided by k(-8)?
65
Let w = 226 - 299. Let x = w - -101. Calculate the remainder when x is divided by 11.
6
Suppose 4*u + 6 = 8725*a - 8724*a, -a + 5*u + 6 = 0. Calculate the remainder when (3 - 39/15)*355 is divided by a.
4
Let d be 40/(-15)*6/4. Suppose 30 = -19*s + 49. What is the remainder when 132 is divided by 16/s + (-1 - d)?
18
Let t = -1255 - -4417. Calculate the remainder when t is divided by 113.
111
Let b = 852 + -317. Let f = b + -225. What is the remainder when f is divided by 26?
24
Suppose 0 = -4*j + 2*j + 26. Let h(v) = 10*v**2 - v - 1. Let z be h(2). Suppose -4*t = -5*t + z. Calculate the remainder when t is divided by j.
11
Let m = 5 + 3. Let s be 194/6 + (-1)/3. Suppose 0 = 5*x - s*x + 1053. Calculate the remainder when x is divided by m.
7
Let r(g) = -2*g**2 + 129*g - 1389. Calculate the remainder when 1294 is divided by r(14).
19
Suppose 0 = 64*c - 55*c - 117. Let n be 2/8 - 171/(-36). Calculate the remainder when (18 + -3)*8/n is divided by c.
11
Suppose -11 - 35 = -c. Let u = -589 - -599. Calculate the remainder when c is divided by ((-96)/(-15) - -2) + (-4)/u.
6
Suppose -3*o + 6*o = 294. Let z(b) = 5*b**3 + 16*b**2 + 6*b - 17. Calculate the remainder when z(2) is divided by o.
1
Suppose 3*g - m + 98 = 2*g, 0 = m + 5. Calculate the remainder when 235 is divided by 19/(-57) - g/3.
31
Suppose s - 6*s - 4*i = -772, s + 2*i - 152 = 0. Suppose -3*j = 2*c - 7*c + s, -3*j = -9. What is the remainder when c is divided by 16?
1
Let u = 60 - 51. Let o = u - 21. What is the remainder when 26 is divided by (-7 - o)*(-7)/(-5)?
5
Let p be 5 + -1 - (1 + 1 - 0). Suppose 14*z - 13*z = p. Calculate the remainder when 13 is divided by (z/4)/(2/(-144)*-4).
4
Suppose -171 - 57 = -4*t. Suppose 14*j = 9*j - 43*j + 2112. What is the remainder when t is divided by j?
13
Suppose 0*t - t + 3*u + 60 = 0, -2*u = 3*t - 158. Let b = -5 + -16. Let v = t + b. Calculate the remainder when v is divided by 7.
5
Let d = -28 - -19. Let o = 103 - 59. Calculate the remainder when o is divided by d/2*(-20)/6.
14
Suppose -284*t + 32220 = -20888. Let f(i) = -21*i + 1. Let z(w) = -w. Let j(o) = -f(o) - 3*z(o). What is the remainder when t is divided by j(2)?
46
Suppose -8*y = -5*y + 115 - 400. What is the remainder when 1059 is divided by y?
14
Let n = -376 - -582. Let a be (-3080)/84*6/(-4). Suppose -9*f = -152 - a. What is the remainder when n is divided by f?
22
Suppose 0 = 4*c - 2*c + 3*d + 1, -3*c + 2*d = -18. Let i(g) = 4 - 11*g + 2 + 3*g**3 - c*g**3 + 8*g**2. What is the remainder when 101 is divided by i(4)?
23
Suppose -15*w + 13*w = -8. Suppose -q = h - 0 - 1, 5*q + 4 = w*h. Let x(l) = 2*l**2 + 2*l + 67. Calculate the remainder when x(q) is divided by 14.
11
Suppose 112 = i - 3*l - 7452, 2*i + 5*l - 15161 = 0. Suppose 39*k = i + 4634. Calculate the remainder when k is divided by 21.
19
Let y be (-4)/(-130)*5 - 9104/26. Let k be (y/4)/((-22)/44). Suppose 0 = 5*z - s - k, -z = 3*z - 2*s - 140. Calculate the remainder when z is divided by 11.
2
Let f(w) = 10*w**2 + 9 + 2*w**3 + 3*w**3 + w - 6*w**3 + 1. Suppose 4*o = 3*u - 149, -2*u - 5*o = -0*u - 130. Calculate the remainder when u is divided by f(10).
15
Suppose 11*k - 27500 = -3*k + 3048. What is the remainder when k is divided by 168?
166
Let f = 357 + -277. Let m = f + -63. What is the remainder when 184 is divided by m?
14
Suppose 0 = 3*v - 9*v. Suppose -2*b + 6*b = 12, v = 4*l + 2*b - 22. Calculate the remainder when (20/7)/((-18)/(-63)) is divided by l.
2
Suppose 2*g - 135 = -u, 4*u - 556 = -177*g + 173*g. Calculate the remainder when u is divided by 16.
15
Let f be 40*(-1)/(-6)*(-1 + 127). What is the remainder when 35 is divided by -2 + f/38 - 2/19?
15
Suppose 16 = 2*b + 4*m, -3*b + 3*m - 7*m + 16 = 0. Suppose -6*q + 26*q - 2500 = b. Calculate the remainder when q is divided by 32.
29
Calculate the remainder when 3*2*2825/2250*15 is divided by 68.
45
What is the remainder when 1390 is divided by (-7 + 4)/(((-45)/(-99))/(-5))?
4
Calculate the remainder when 237 is divided by (-3)/((-2275)/(-364) - (0 - -7)).
1
Let z(v) be the first derivative of v**3/3 + 7*v**2/2 + 20*v + 10. Let d(r) = -3*r**3 - 10*r**2 - 7*r - 3. What is the remainder when d(-4) is divided by z(-7)?
17
Suppose 5*h = -5*m + 7360, 54*h - 53*h - 1477 = -2*m. What is the remainder when h is divided by 92?
87
Let a = -9201 + 9385. Calculate the remainder when a is divided by 91.
2
Let g(y) be the first derivative of y**4/4 - 5*y**3 - 7*y**2 - 27*y + 38. Calculate the remainder when 1/(0 + 3/36) is divided by g(16).
2
Let w(v) = -6*v + 9. Let r be w(0). Suppose -r = m - 11. Suppose m*n = -1 + 121. Calculate the remainder when n is divided by 31.
29
Let w be ((-34)/(-8) + -3)/((-2)/8). What is the remainder when (-6)/((-15)/w)*57/(-6) is divided by 12?
7
Suppose 191 = -4*f + 5*g, 2*f = 5*f + 5*g + 187. Let j = f - -29. What is the remainder when 35 is divided by (-30)/(-40)*(0 - 1 - j)?
17
Let s = 17442 - 17261. Calculate the remainder when s is divided by 31 - (2 + -1 - 1).
26
Suppose -29*y - 9765 = -36*y. Calculate the remainder when y is divided by 14.
9
Let r(f) = f**3 + 11*f**2 - 128*f - 22. What is the remainder when 7237 is divided by r(-18)?
13
Suppose -2*u + 2 = -8. Suppose 34 = u*m - 171. Let d(l) = -l**3 - 20*l**2 - 2*l - 26. Calculate the remainder when m is divided by d(-20).
13
Let t(y) = 9*y**2 + y. Let a(s) = 97*s - 15. Let f be a(-3). What is the remainder when 99/(-3)*f/54 is divided by t(2)?
35
Let j(m) = -m**2 - 7*m - 11. Let l be 